alculate the highest common factor of r and 292.
73
Let r = -3 - -20. Suppose -327 = -k - u, -1 = 4*u + 7. Suppose -283 - k = -9*j. What is the highest common factor of j and r?
17
Let n(p) = 94*p - 79. Let d be n(1). Suppose -2*j - 44 = 2*h, 4*j - h = -2*h - 103. Let w = d - j. What is the greatest common factor of 28 and w?
14
Let v be ((-2)/(-3))/((-2)/(-54)). Let m be 77 - 88 - (-13 + 0). Calculate the highest common factor of m and v.
2
Suppose -4 = -4*h + 20. Suppose g - h = -2*g. Let u be 1*(0 - 1)*(-2 - -1). Calculate the greatest common factor of g and u.
1
Let v = 11 - -11. Suppose m = -4*m + 590. Let r = m + -52. Calculate the greatest common factor of v and r.
22
Let o(n) = 23*n**2 - n + 3. Let m be o(2). Suppose 0 = 5*w - 1138 + m. Suppose -17 = 3*x - 74. Calculate the greatest common factor of x and w.
19
Let c(w) = -w**2 + 16*w - 6. Let a be c(4). What is the highest common divisor of a and 189?
21
Let d be (-2)/(-4)*0 - 12/(-3). Suppose 0*z + 4*m - 260 = -d*z, m = 5. Calculate the highest common divisor of z and 15.
15
Suppose u = -u + 48. Suppose -10*t + 2607 + 5063 = 0. Suppose -2*y - 193 = -3*y - c, -4*y + c + t = 0. What is the highest common factor of u and y?
24
Let h be -1 - ((-4326)/14 + -12). Calculate the greatest common factor of 120 and h.
40
Suppose -5*d - 30 + 105 = 5*p, 3*p = d + 29. Calculate the highest common factor of 44 and p.
11
Let v(k) = 98*k - 4. Let g = 3 - 1. Let q be v(g). Calculate the highest common factor of q and 24.
24
Let w be (-1 - (-82 - 1))/((-306)/(-1224)). What is the highest common divisor of w and 41?
41
Let a be (-5)/(-2)*(3/(-15) - -1). Suppose 2*q + 12 = y - 3, -a*y - 2*q = 0. Calculate the greatest common divisor of 25 and y.
5
Suppose 2*i + 5*z - 337 = 868, 0 = i + 4*z - 601. What is the highest common factor of i and 55?
55
Let b(k) = -k - 21 - k - 12 + 18 - 14*k**2 - k**3. Let w be b(-14). Suppose -5*h - 4*y = -55, 0*h + h + w = 4*y. What is the highest common factor of h and 28?
7
Suppose 5*l - 4*n - 23 = 35, 2*n + 34 = 3*l. Suppose -g + l = 3*t + 2*t, -t + 2 = -4*g. Calculate the greatest common divisor of t and 16.
2
Suppose -l + 2*l = 34. Let m = l - 31. Suppose -2*s + 5 = m. Calculate the greatest common factor of s and 4.
1
Suppose -15*l + 1177 + 893 = 0. What is the greatest common divisor of 368 and l?
46
Let t(k) = 2*k**3 + k**2 - k + 42. Let d be t(0). Calculate the greatest common divisor of d and 196.
14
Let c(o) = -5*o + 35. Let k be c(-14). Let z(d) = d**2 + 4*d. Let s be z(-3). Let f be s/(18/(-15) + 1). What is the greatest common factor of k and f?
15
Suppose -26*u + 525 = -21*u. Suppose -4*h + u = -h. Calculate the greatest common divisor of h and 70.
35
Let t(d) = -d**3 + 20*d**2 - 26*d + 68. Let w be t(18). What is the greatest common divisor of 31 and w?
31
Let r be (-1)/3*(6/(-8))/((-36)/(-1728)). Let q be -3*(0 + 20/(-3)). What is the highest common factor of q and r?
4
Let g(t) = -t**3 - 16*t**2 - 7*t - 42. Let h be g(-16). What is the highest common divisor of h and 56?
14
Let a be (-2284)/(-24) - (-1)/(-6). Suppose 3*c + 3*t = 48, -5*c + 2*t - 3*t = -88. Suppose -c*s + 13*s = -95. What is the highest common divisor of a and s?
19
Let q = -142 - -164. Calculate the greatest common divisor of 11 and q.
11
Let w be (-3)/(-4) + (-135)/(-12). Let d be ((-2)/(-4))/((-3)/w). Let s be 2 + (-6)/d - 0. Calculate the highest common factor of 15 and s.
5
Let y be 4/12*-3 - -2. Let c be -1*(y + -27)*(15 - 14). What is the highest common factor of c and 208?
26
Let i be 1*3 - (-86)/1. Let v = -53 + i. What is the highest common factor of 4 and v?
4
Let g(y) = y**2 + 4*y - 5. Let h be 260/(-45) + (-2)/9. Let s be g(h). Let o be s + (1 - (0 + 2)). What is the greatest common factor of 6 and o?
6
Let i(x) = -6*x**3 + 4*x**3 + 2*x**2 - 1 + 4*x**3 - 4*x. Let d(b) = -b - 1. Let q be d(-5). Let u be i(q). What is the greatest common factor of u and 13?
13
Suppose -85*n = -79*n - 10374. What is the greatest common factor of 182 and n?
91
Let h = -378 - -458. What is the greatest common factor of h and 5?
5
Let q be ((-16)/6)/4*-60. Suppose -4*b + 1016 = -q. Calculate the greatest common factor of 24 and b.
24
Suppose -84 - 16 = -5*z. Let p = -34 + 42. Calculate the greatest common factor of p and z.
4
Suppose 0 = 5*v - 52 - 148. Let j = -120 - -136. Calculate the highest common factor of v and j.
8
Let m(i) = 2*i**2 - 5*i - 3. Suppose 3*v - 3*r + 21 = r, v + 5*r - 12 = 0. Let x be m(v). Calculate the highest common factor of 15 and x.
15
Suppose 10 = -5*k - 5, 3*k - 45 = -2*q. Suppose 194*i - 4238 + 2112 = 3112. What is the highest common divisor of q and i?
27
Suppose 80 = -3*w - 28. Let k = 83 + w. Let o = 37 + k. What is the highest common divisor of o and 12?
12
Let i = -4455 + 4456. Let b be (26/8 - 2)*4. Let u be (1 + b)*(-1)/(-2). Calculate the greatest common divisor of i and u.
1
Let o be (-4)/(-6) - (-84)/9. Let t(b) = -b + 2. Let j be t(0). Suppose 4*f = -j*r + 180, 2*r - 270 = -r + 4*f. Calculate the greatest common factor of o and r.
10
Suppose -3*a + 40 = 2*a. Let g = a + -8. Let l = g + 3. Calculate the highest common divisor of 6 and l.
3
Suppose -53 + 269 = 3*r. Let l be 9 + -5 + (2 - 2). Let v be 1/(-4) - (-33)/l. Calculate the greatest common factor of r and v.
8
Let m(z) = z**3 + 12*z**2 + 10*z - 1. Let w be m(-11). What is the greatest common divisor of 130 and w?
10
Let n be (2 + -1)*(2 + -4). Let w be 26/(1/n*-4). Suppose -3*p + 208 = p + 2*q, p - 52 = 4*q. What is the greatest common factor of p and w?
13
Suppose 26*h - 66 = 37*h. Let i(f) be the second derivative of -f**3/3 + f. Let s be i(h). What is the highest common factor of s and 6?
6
Let w(m) = -m**3 + 6*m**2 - 4*m - 3. Let r be w(5). Suppose -4 = 2*i + 8. Let x = r - i. What is the highest common factor of 24 and x?
8
Suppose 0 = -3*a + 12 + 33. Calculate the greatest common factor of a and 45.
15
Let f be 0 + 3/((-6)/(-38)). Let x be (((-96)/(-20))/(-2))/(36/(-2280)). Calculate the greatest common factor of x and f.
19
Let o be 26 + -27 - (0 + 1 + 76). Let q = 87 + o. Let n be 4*(9/4 + -2). Calculate the greatest common factor of n and q.
1
Suppose 19*x + 236 = 1281. What is the highest common factor of 1265 and x?
55
Let c be (38/(-114))/((1/75)/(-1)). Calculate the greatest common factor of c and 25.
25
Suppose -36*b + 40*b = -32. Let g = 13 + b. Suppose 72 = 6*r - g*r. What is the greatest common factor of 18 and r?
18
Let w(u) = 2*u + 27. Let a be w(9). Let c = -6 + 36. Calculate the greatest common factor of a and c.
15
Let v = -2 - -4. Suppose -v*g - 47 = -71. Calculate the greatest common factor of g and 96.
12
Let t(x) = 14*x + 170. Let f be t(0). What is the greatest common divisor of 4 and f?
2
Let a(n) = -n + 1. Suppose 3 = 4*p - 7*p. Let l be a(p). Suppose -l*o = -o - 6. Calculate the highest common factor of 24 and o.
6
Suppose -g = 3*g. Suppose g*q = 3*q. Suppose 5*d + 17 - 77 = q. What is the highest common factor of d and 24?
12
Let q be 115 - 1 - (16 + -9 - 3). Calculate the greatest common divisor of 605 and q.
55
Let j(d) = 11*d**3 - d**2 - 3*d + 2. Let z be j(2). Let r be ((-2)/6)/(5/(-90)). Suppose 53 - 5 = r*i. Calculate the highest common factor of z and i.
8
Suppose -4*k + 2*n + 21 + 937 = 0, -2*n = -k + 238. Calculate the highest common factor of k and 15.
15
Suppose -3*j - 4 = -13. Let v = j + 15. Suppose 10*t + v = 12*t. Calculate the greatest common divisor of t and 9.
9
Let c = 301 + -180. Calculate the greatest common divisor of c and 22.
11
Let m(g) = 92*g + 26. Let u be m(1). What is the greatest common divisor of u and 2?
2
Suppose 0*x + x - 405 = 5*r, 1135 = 3*x + 5*r. What is the greatest common factor of 55 and x?
55
Suppose 83 = 4*k - 5*x, 2*k - 34 = -6*x + 10*x. What is the greatest common divisor of 1 and k?
1
Let k(q) = q**3 - 12*q**2 - 28*q + 456. Let f be k(11). What is the greatest common divisor of 369 and f?
9
Suppose -2*p - 256 = -5*c - p, -2*p = -8. What is the greatest common divisor of 39 and c?
13
Let o = 0 - -1. Suppose z - 3*a = -a - 10, z + 18 = 4*a. Let x = z - -11. Calculate the greatest common divisor of x and o.
1
Suppose 4*y - 3*n = 30 + 36, 4*y + 3*n = 78. Let o(i) = i. Let u be o(1). Suppose x = u + 17. What is the highest common 